24959 composite?
False
Is 38416999 a composite number?
False
Is 2078579 composite?
True
Is 6045311 a composite number?
True
Is 75700421 composite?
True
Is 24668471 composite?
False
Is 26452131 prime?
False
Is 368366923 a prime number?
True
Is 468057829 composite?
False
Is 5157941 composite?
False
Is 116468999 composite?
False
Is 26372371 a composite number?
False
Is 480832189 a composite number?
False
Is 83367461 composite?
True
Is 765683 composite?
True
Is 38526209 a prime number?
True
Is 4766348855 composite?
True
Is 4425847 a composite number?
True
Is 584813 composite?
True
Is 2380837 prime?
True
Is 183026 a prime number?
False
Is 16318693 prime?
True
Is 47981539 a prime number?
True
Is 70017187 a prime number?
False
Is 9198457 a composite number?
False
Is 2401877 prime?
False
Is 59723549 composite?
False
Is 16934987 prime?
False
Is 10108517 a composite number?
False
Is 211787179 a prime number?
True
Is 8906923 a prime number?
False
Is 1333883 prime?
True
Is 1239943 a prime number?
True
Is 2202623 prime?
False
Is 8964041 a composite number?
True
Is 1587731 composite?
True
Is 73171177 composite?
True
Is 605471 prime?
True
Is 4713791 a composite number?
False
Is 47969771 prime?
True
Is 137675515 prime?
False
Is 3901187 a composite number?
False
Is 7743513 prime?
False
Is 128582981 a prime number?
True
Is 14896561 composite?
True
Is 1247923 a composite number?
False
Is 6526187 composite?
False
Is 81647609 prime?
True
Is 1089731 a prime number?
False
Is 131327579 composite?
True
Is 12096323 a composite number?
False
Is 11010003 a prime number?
False
Is 3453049 prime?
False
Is 111187 composite?
False
Is 14887511 a prime number?
True
Is 260709883 a prime number?
False
Is 354581 a composite number?
False
Is 22153459 a prime number?
False
Is 858647 composite?
True
Is 2428099 prime?
True
Is 1781771 composite?
False
Is 6346373 composite?
True
Is 1108903 prime?
True
Is 11674514 a composite number?
True
Is 26632501 composite?
True
Is 8143445 prime?
False
Is 176335069 a composite number?
True
Is 15181949 a composite number?
False
Is 51979279 a composite number?
True
Is 753481 prime?
False
Is 44834717 composite?
False
Is 505667 a prime number?
False
Is 396919 prime?
True
Is 612220721 prime?
False
Is 5054633 a composite number?
False
Is 215774023 a composite number?
True
Is 4081639 prime?
False
Is 2625809 composite?
False
Is 3690493 composite?
True
Is 22756037 a composite number?
True
Is 250198127 a composite number?
True
Is 12125481 composite?
True
Is 3401701 a composite number?
True
Is 543281 a prime number?
True
Is 136411937 composite?
True
Is 8582411 a composite number?
False
Is 4710623 a prime number?
True
Is 20860262 a composite number?
True
Is 13306933 prime?
False
Is 6282251 composite?
False
Is 16618513 composite?
True
Is 63623699 a prime number?
False
Is 78802426 a composite number?
True
Is 2612486 composite?
True
Is 14794373 a prime number?
False
Is 1090235 composite?
True
Is 712007 prime?
True
Is 38706859 a composite number?
False
Is 451579 composite?
False
Is 192882707 a composite number?
True
Is 3231619 a prime number?
True
Is 11888645 composite?
True
Is 9510117 a prime number?
False
Is 13979323 a composite number?
True
Is 1364659 a composite number?
True
Is 1924457 a composite number?
False
Is 40918847 a composite number?
True
Is 3509221 a composite number?
False
Is 37068481 a prime number?
True
Is 1263659 composite?
False
Is 6358197 prime?
False
Is 67996759 composite?
True
Is 1769737 a composite number?
False
Is 6298618 a prime number?
False
Is 578251 composite?
False
Is 21401671 prime?
False
Is 52356937 composite?
False
Is 13383322 composite?
True
Is 3833509 a composite number?
True
Is 126384289 a composite number?
False
Is 10008703 a prime number?
False
Is 20163991 composite?
False
Is 3643181 a prime number?
True
Is 5953739 a prime number?
False
Is 48653459 prime?
True
Is 344228343 a prime number?
False
Is 112270007 a composite number?
False
Is 830993 a prime number?
False
Is 14804863 composite?
False
Is 6988045 a composite number?
True
Is 13821841 a composite number?
True
Is 10468894 a prime number?
False
Is 7364065 composite?
True
Is 953237 prime?
True
Is 990137 a prime number?
True
Is 407424077 composite?
False
Is 86053 a prime number?
False
Is 71948431 composite?
False
Is 41660071 composite?
False
Is 17887267 a prime number?
True
Is 2631623 a composite number?
True
Is 38896811 composite?
True
Is 121290437 composite?
False
Is 29825969 a composite number?
False
Is 8898161 a composite number?
True
Is 22326737 a prime number?
True
Is 20216981 a composite number?
False
Is 6869999 prime?
False
Is 29399413 composite?
True
Is 203334427 prime?
True
Is 19265759 a composite number?
False
Is 154519 a composite number?
True
Is 143751763 a prime number?
False
Is 4618213 a prime number?
True
Is 40477979 a composite number?
True
Is 181790153 composite?
False
Is 6623471 composite?
True
Is 8005813 a composite number?
True
Is 1512655489 a prime number?
True
Is 214499 prime?
True
Is 75032891 composite?
False
Is 6912469 composite?
True
Is 56133139 composite?
False
Is 2998285 a composite number?
True
Is 5390971 a prime number?
True
Is 3777881 prime?
False
Is 23104337 a prime number?
True
Is 5728253 composite?
True
Is 17540213 prime?
True
Is 42910561 prime?
True
Is 2936327 composite?
False
Is 11853319 a composite number?
False
Is 9844882 composite?
True
Is 264983167 composite?
False
Is 79863571 prime?
False
Is 997709 a composite number?
True
Is 44793467 a prime number?
False
Is 579027 composite?
True
Is 683300027 composite?
False
Is 431371561 prime?
False
Is 27718969 a prime number?
True
Is 291156319 a prime number?
True
Is 37456199 composite?
True
Is 27655951 prime?
True
Is 891786949 a prime number?
True
Is 25323787 a prime number?
True
Is 14443697 prime?
False
Is 2938961 a composite number?
True
Is 1231458583 composite?
False
Is 2547677 a prime number?
False
Is 975619 prime?
True
Is 833259017 prime?
True
Is 2167667 composite?
True
Is 176123 a composite number?
False
Is 3908887 a prime number?
True
Is 10187285 a prime number?
False
Is 19833081 composite?
True
Is 123370795 composite?
True
Is 1589513 a composite number?
False
Is 4253057 a prime number?
True
Is 218571449 a composite number?
False
Is 3843823 prime?
True
Is 5289593 a composite number?
False
Is 535817 composite?
True
Is 813588197 a composite number?
False
Is 49151191 a composite number?
False
Is 92635897 prime?
True
Is 83804821 a composite number?
False
Is 29413 a prime number?
False
Is 24038329 a composite number?
True
Is 4969087 a composite number?
False
Is 90500413 a composite number?
True
Is 497311 a composite number?
True
Is 17992483 composite?
True
Is 2213686707 a composite number?
True
Is 1139349493 prime?
True
Is 24187267 prime?
False
Is 621583 composite?
False
Is 75489019 composite?
False
Is 19742657 composite?
True
Is 2270921 composite?
False
Is 1207846401 a prime number?
False
Is 28129111 a prime number?
False
Is 38730829 composite?
False
Is 15671273 a prime number?
False
Is 19539623 a prime number?
False
Is 521799329 a composite number?
False
Is 61121293 composite?
False
Is 34181219 a prime number?
True
Is 222137 composite?
False
Is 6224879 a prime number?
False
Is 79289913 prime?
False
Is 206961217 composite?
False
Is 1974232477 a composite number?
True
Is 45229307 a prime number?
True
Is 364371941 a prime number?
True
Is 39693309 prime?
False
Is 233084249 a composite number?
False
Is 16781339 a composite number?
True
Is 181827277 a composite number?
True
Is 70615379 prime?
False
Is 1714891 prime?
True
Is 4238461 a prime number?
False
Is 211842097 prime?
False
Is 2657257 a prime number?
True
Is 37756681 composite?
False
Is 5761471 prime?
False
Is 2261971 a composite number?
True
Is 110013859 composite?
False
Is 5499581 a composite number?
False
Is 2135267 a prime number?
True
Is 88349471 composite?
True
Is 48645455 prime?
False
Is 3921829 a prime number?
False
Is 85054861 a prime number?
True
Is 116629 a prime number?
False
Is 11233433 a composite number?
False
Is 3875141 a composite number?
False
Is 52079303 a prime number?
True
Is 27579293 composite?
True
Is 37251733 prime?
False
Is 714329467 a composite number?
True
Is 852433 prime?
False
Is 57535391 composite?
True
Is 15499